22*j + 84 = 23*j. Calculate the greatest common factor of j and 126.
42
Suppose 7*b - 7 = 3*b + z, -5*z + 40 = 5*b. Suppose -b*m + 37 = -26. Suppose -2*y + 5*y - 252 = 0. Calculate the highest common factor of m and y.
21
Suppose -200 = -6*v + 688. What is the greatest common factor of v and 74?
74
Let g be ((-21)/(-9) + 1)*3. What is the greatest common divisor of g and 25?
5
Suppose 22 + 10 = 2*l. Let r be 162/39 - (-4)/(-26). Suppose -z = -116 + r. Calculate the greatest common divisor of z and l.
16
Suppose 4*s - 12 = s. Suppose 4*y = -0*y - s*i + 8, -4*i = 0. Let h(q) = 8*q - 27. Let u be h(4). What is the highest common factor of y and u?
1
Suppose -4 + 2 = -2*y. Suppose -i + 11 - y = 0. Let c be 8/20*(-75)/(-3). What is the highest common factor of i and c?
10
Let g = 86 - 50. What is the highest common factor of g and 4?
4
Let d(f) = 5*f - 1. Let i be d(3). Let p = i + -10. Let m be 2/p*114/3. Calculate the highest common factor of 95 and m.
19
Let c(n) = 56*n**2. Let f be c(-1). Let s = f - -4. Calculate the greatest common factor of s and 24.
12
Let h be (-6)/(4/30*-1). Let r be ((-4)/(-6))/(3/h). Let y = r + -6. Calculate the greatest common factor of 20 and y.
4
Suppose -5*i = 2*u - 177, 4*u = -0 + 4. Suppose 5 + 3 = -2*l, 0 = -3*x - 5*l + 22. What is the highest common divisor of i and x?
7
Suppose -3*k - 35 = 727. Let g = k - -434. What is the greatest common factor of g and 20?
20
Let t be ((-12)/14)/(3/(-84)). Calculate the highest common factor of t and 3.
3
Let v = -10 + 29. Calculate the highest common divisor of v and 19.
19
Let p be (10/(-6) - -2)*15. Let f = -2 + p. Suppose 3*n = 3*o - 2 - 1, 0 = -o + f*n - 3. What is the highest common divisor of o and 6?
3
Let z be ((-21)/(-2))/((-7)/(-14)). Suppose -2*y - 102 = -5*n + 2*n, n - z = 5*y. Let a be 6/(1 + (-6)/8). Calculate the greatest common divisor of a and n.
12
Let n(d) = -d + 9. Let l be n(5). Let h = l - -1. Calculate the greatest common divisor of 10 and h.
5
Suppose 0 = 2*r + 1582 - 532. Let d be r/(-12) - 2/(-8). Calculate the greatest common factor of 11 and d.
11
Suppose 0 = 4*y - 0*y. Let s = 0 + y. Let w = s - -9. What is the greatest common divisor of 99 and w?
9
Let n(v) = -v**2 - v + 23. Let l = 9 + -9. Let j be n(l). Calculate the highest common factor of j and 253.
23
Suppose 0*u + 6 = 3*u, 5*g - 4*u + 8 = 0. Suppose -3*x - 58 + 268 = g. Calculate the greatest common factor of x and 28.
14
Let a = -198 - -438. What is the highest common factor of 40 and a?
40
Let m = 13 + -8. Suppose -3*h + 0*h + 3*o = -12, 0 = m*o. Suppose 3 = 2*a - 17. What is the highest common factor of a and h?
2
Suppose -20 = -3*h - 2*h. What is the highest common factor of 4 and h?
4
Suppose a - 4*d + 20 = 0, 2*d - 6*d = -2*a - 36. Let h = a + 6. Let f = -7 - h. Calculate the greatest common factor of 12 and f.
3
Let a(j) = -11*j**2 + 11*j**2 - 1 - 13*j**3. Let d be a(-1). What is the greatest common divisor of 108 and d?
12
Let s(i) = i**3 - i + 44. Let p = 9 + -9. Let q be s(p). Calculate the greatest common divisor of q and 11.
11
Suppose t + 4*t = 100. Suppose -3*m - 66 = -5*m. Let j = m - 23. Calculate the greatest common divisor of j and t.
10
Let m be (-4)/10 + (-172)/(-5). Let n = -62 + 113. What is the greatest common factor of m and n?
17
Let t be (-4)/6 - (-140)/3. Let c(i) = 68*i**3 + i**2 - 2*i + 2. Let z be c(1). Calculate the highest common factor of z and t.
23
Suppose 5*t = -r - 0*r - 179, 5*r + 985 = 5*t. Let z = r - -390. Suppose a - 17 = -2*q + 11, -5*a + z = -4*q. Calculate the highest common factor of a and 9.
9
Let b be (-1)/((-2)/(-6)) + 75. Calculate the greatest common factor of 9 and b.
9
Suppose 7*r = -33 + 145. What is the greatest common divisor of 128 and r?
16
Suppose -5*u - q = -417, -2*u = 2*u - 2*q - 342. Let k(f) = -3*f + 3. Let y be ((-6)/8)/(2/8). Let d be k(y). Calculate the highest common factor of u and d.
12
Let b = 57 - 42. What is the highest common divisor of 15 and b?
15
Let d = 150 + -94. Calculate the greatest common divisor of d and 140.
28
Suppose 4*l - 380 = 2*f - 0*f, 3*l = -3*f + 294. What is the greatest common factor of 24 and l?
24
Let z = -146 - -245. Suppose -j = 3*j + 52. Let p = j + 22. What is the greatest common divisor of p and z?
9
Let h(a) = -2*a + 5. Let r be h(-22). What is the greatest common factor of 7 and r?
7
Let l be (2 - -2)/(4/44). Calculate the highest common divisor of 4 and l.
4
Let f = 132 + -57. What is the highest common divisor of f and 15?
15
Let n = 52 - 33. Suppose -x + n = -7. Calculate the greatest common divisor of 39 and x.
13
Let b(n) = -4*n - 18. Let x(r) = -2*r - 9. Let q(j) = 6*b(j) - 11*x(j). Let g = 12 - 20. Let m be q(g). Calculate the highest common factor of 1 and m.
1
Let p(d) = 5*d**2 - 8*d + 8. Let o be p(-7). Suppose -4*j + o + 203 = 0. Calculate the highest common divisor of 16 and j.
16
Suppose 5*a - 30 = 3*a. Let y be (12/a)/2*5. Suppose -4*l + 42 = 2*b, 6*b - 33 = -y*l + b. Calculate the highest common divisor of 1 and l.
1
Suppose 5*w = r - 5*r - 38, 4*r + 2 = w. Let i be 4/w - 276/(-9). Suppose -x + g = -10, -i - 52 = -5*x - 3*g. What is the greatest common divisor of x and 70?
14
Let o(a) = 2*a - 1. Let z(y) = -y**2 + 7*y - 4. Let s be z(6). Let u be o(s). Suppose 32 = -x + u*x. What is the greatest common divisor of 16 and x?
16
Let p be -1 - (-5 - -3)*2. Suppose p*t + 1 = 28. Suppose m + 2 = x + 3*x, -t = -4*m - x. Calculate the greatest common divisor of m and 3.
1
Let g = 33 - 7. Calculate the greatest common divisor of g and 26.
26
Let h(w) = -w**3 - 5*w**2 + 3*w + 4. Let j be h(-6). What is the greatest common divisor of 2 and j?
2
Suppose -48*s + 108 = -30*s. Suppose -3*f - 9 = -5*a - 143, -3*a = -5*f + 234. What is the highest common divisor of s and f?
6
Suppose x = 1 - 3. Let d be (x/3)/(2/(-54)). Suppose -s - 3*s + 2*v = -d, 2*s - 5*v = 29. What is the greatest common factor of 1 and s?
1
Let y(w) = w**3 - 9*w**2 + 2*w. Let c be y(9). Let z(q) = -q**2 + 10*q + 3. Let n be z(6). What is the highest common divisor of c and n?
9
Let k = -6 - -9. Let p be 0 + 1 + 2*28. Suppose -4*x = -2*y + 32, -k*y - 3*x + 0*x + p = 0. What is the greatest common divisor of 2 and y?
2
Let i = 31 + -25. Calculate the highest common divisor of i and 10.
2
Let b = -80 + 91. Calculate the greatest common factor of b and 187.
11
Let a(o) = -8*o - 7. Let j be a(-5). Suppose -5*d + 19 = 2*m - 32, -2*d + j = 5*m. What is the greatest common divisor of d and 63?
9
Suppose -1 = -2*g - 5*b + 1, -g + 3*b = -12. Suppose -r + g = -3. Calculate the greatest common divisor of r and 63.
9
Let k = 24 - 19. Suppose -4*w - 9 = k*i, 0*i - 3*i = w + 11. What is the highest common divisor of 20 and w?
4
Suppose -6*i = -3*i - 6, 3*w + 2*i - 13 = 0. Suppose 5 = -d + c - 0, -d + w*c = 7. Let o be (-42)/(-4) - 2/d. What is the greatest common divisor of o and 44?
11
Let j = -95 + 102. What is the highest common factor of 7 and j?
7
Suppose 0 = -r + 3*q - q + 30, -r + 27 = -3*q. Suppose -r = -2*z + 44. Calculate the highest common factor of z and 10.
10
Let a be 9/((1 + 1)/12). Suppose -26*b + 23*b = 0. Suppose b = -m - 2*m + a. What is the highest common divisor of 6 and m?
6
Suppose -2 = q - 4. Suppose -22 = -q*g + g. Let p be 273/5 - 4/(-10). What is the highest common factor of g and p?
11
Let k(c) = -c + 2. Let g be k(6). Let f(n) = n**2 + 3*n + 6. Let u be f(g). Let o = 51 + -26. Calculate the greatest common divisor of u and o.
5
Let j = -316 + 525. What is the greatest common factor of 38 and j?
19
Let b = 0 - -9. Suppose -y + 6 = -g - 1, -5*g = -y + 23. Suppose -4*h - 2*x = 2*x - 8, -y*x = -2*h + 9. Calculate the highest common factor of b and h.
3
Let z be (-16)/6*315/(-28). Let w be 5/(z/9 + -3). What is the greatest common factor of 165 and w?
15
Suppose 9*y = -12*y + 1890. Let b(h) = -h**3 - h**2 + 10. Let o be b(0). What is the greatest common divisor of o and y?
10
Let p be (-38)/(-10) + (-2)/(-10). Suppose 2*n = g + 20, 0*n - g - 38 = -p*n. What is the highest common factor of 63 and n?
9
Let f be (1*(-23 - -2))/(-1). Suppose 5*z = -m + 6 + f, -5*m + 2*z = 0. Let r be m*1/(-6)*-9. Calculate the highest common divisor of 27 and r.
3
Let h be ((-158)/(-14) - -3) + 6/(-21). What is the greate